f q and 12?
12
Let o be ((-2)/6)/((-4)/96). Calculate the greatest common divisor of 2 and o.
2
Suppose -4*r = 17 - 1. Let g = 123 + -73. Let l be ((-6)/r)/(15/g). What is the highest common factor of 5 and l?
5
Let p(z) = z + 46. Let b be p(-26). Let y(k) = -k**2 - 5*k - 2. Let o be y(-2). What is the highest common divisor of o and b?
4
Let f = -45 - -100. Let c(t) = 4*t - 6. Let s be c(7). Calculate the greatest common factor of s and f.
11
Let h be 13 + (0/1 - 1). Let t(k) = -k**2 - 13*k - 10. Let y be t(-8). Calculate the highest common divisor of h and y.
6
Let f(c) = -4*c**3 - 5*c**2 + 2*c - 3. Let v be f(-5). Suppose -3*i + v = 11. Let h = 6 + 7. Calculate the greatest common divisor of i and h.
13
Suppose 4*p = j - 24, 4*j - 22 - 14 = -4*p. What is the greatest common factor of j and 132?
12
Let w = 78 + -60. Calculate the highest common divisor of w and 126.
18
Let a(t) = 8*t**2 - 3*t + 1. Let g(m) = -7*m**2 + 3*m. Let x(h) = -4*a(h) - 5*g(h). Let w be x(4). Calculate the greatest common divisor of 16 and w.
16
Let v be (0 - 14)*(-120)/28. What is the greatest common divisor of 12 and v?
12
Let k be 3 - (-7)/2*2. Let l be (-28)/(-6) + (-2)/(-6). Suppose -3*n = -l*n + 10. Calculate the highest common factor of k and n.
5
Suppose -2*w + 4*w = 128. Calculate the highest common divisor of w and 16.
16
Suppose -407 = -5*a + 143. Calculate the highest common factor of 11 and a.
11
Let q(x) = -x**2 + 9*x - 10. Let f be q(7). Let p be 11/f - (-1)/4. Let o = -8 - -23. What is the highest common factor of o and p?
3
Let y be (0 - (-4)/(-14))*-7. Suppose -c + 0 = -y. Suppose c*p + p - 126 = 0. Calculate the greatest common factor of p and 14.
14
Suppose 3*c = 4*u + 263 - 39, 2*c - 2*u - 146 = 0. Suppose c = s + 3*s. What is the greatest common factor of s and 85?
17
Let l be 69*((-28)/(-12))/7. Calculate the greatest common divisor of l and 23.
23
Let y be (73/2)/(3/6). Suppose 2*j - y = -5*p + 2*p, -3*p = 5*j - 88. What is the greatest common factor of p and 14?
7
Suppose 6*d - 86 = 3*d - 4*m, 4*d - 3*m - 148 = 0. What is the highest common divisor of 102 and d?
34
Suppose 25 = 3*j - 2*j + u, 5*j = u + 125. What is the greatest common divisor of 10 and j?
5
Suppose -2*a - 46 + 16 = 4*y, 3*a = -2*y - 17. Let d be 1*-1*(-5 - y). Let j be d/9 - 634/(-18). What is the highest common divisor of j and 5?
5
Suppose 7*v = 13*v - 696. Calculate the greatest common factor of v and 29.
29
Suppose 4*g + 16 = 0, -g - 11 = 2*f - 205. What is the greatest common factor of 11 and f?
11
Suppose -13 = -2*j + j. What is the greatest common factor of j and 52?
13
Let t = 104 - 24. Let h be 136/6 - 4/6. Suppose -h = -0*y - 2*y + 3*u, 5*y = -2*u + 36. What is the greatest common divisor of y and t?
8
Let k(f) = f**2 - 7*f - 3. Let l be k(8). Let t be 7/(-5) + 2/l. Let h be -2*(3 + -3 + t). Calculate the highest common divisor of 3 and h.
1
Suppose -3*o - 9 = 6, 2*m - 38 = 2*o. Let b = 23 + -23. Let s be (b - 140)*(-12)/15. What is the greatest common divisor of m and s?
14
Let o(a) = 17*a + 3. Let q be o(6). Suppose 4*u + u = q. Suppose 4*n - 17 + 4 = b, -2*n + 1 = 5*b. Calculate the highest common divisor of u and n.
3
Let x be 55/10 - (-1)/2. Suppose 0 = -x*i + 4*i + 24. Calculate the highest common divisor of 60 and i.
12
Suppose -4*z = -227 + 35. Suppose 4*b - 236 - 244 = 0. Calculate the greatest common divisor of z and b.
24
Let c be -2 + -6*24/45*-5. Calculate the greatest common factor of c and 21.
7
Suppose 2*k + 1 = -0*k - 3*w, -4*k + 19 = -w. Let l be k/((-12)/7 + 2). Calculate the highest common factor of 7 and l.
7
Let h be 3/(-2)*28/3. Let l be ((-49)/h)/((-1)/(-10)). What is the highest common factor of l and 7?
7
Let m(k) = k**2 + 8*k + 9. Let i be m(-7). Suppose -i*d + 5*d - 5*g - 22 = 0, 2*d - 4*g = 14. Let c = 35 + -8. Calculate the greatest common factor of c and d.
9
Let d be (-133)/(-35) - 2/(-10). Suppose i + 81 = d*i. Calculate the greatest common factor of i and 3.
3
Suppose 9 = -24*h + 129. Calculate the greatest common factor of 135 and h.
5
Let l(k) = 2*k - 16. Let n be l(15). Let v be 45/2 + 7/n. What is the greatest common factor of 115 and v?
23
Let x be (5 - (-6 - -1))*18/4. Calculate the greatest common factor of 405 and x.
45
Let o = -3 + 4. Let d = o - -5. Let r = -5 + d. What is the greatest common factor of r and 1?
1
Let x(r) = -6*r**2 + 9*r + 3. Let a(b) = b**2 + 1. Let j(g) = 5*a(g) + x(g). Let d be j(8). What is the highest common factor of d and 80?
16
Suppose -j + 5*q + 126 = -6, 0 = q. What is the highest common factor of j and 12?
12
Let m be 4 - (4 - (-2 + 10)). Let k = -18 + 29. Let n = k - m. Calculate the highest common divisor of 12 and n.
3
Let j = -5 + 11. Calculate the greatest common factor of 18 and j.
6
Let z be ((-10)/((-15)/(-3)))/(-1). Calculate the highest common factor of 16 and z.
2
Let j be (-8)/3*18/8. Let i be (-4)/j - (-8)/6. What is the highest common divisor of i and 14?
2
Suppose -3*q - 2*q - 4*n + 229 = 0, -3*q + 138 = 3*n. Suppose 0 = 10*a - 5*a - q. What is the greatest common divisor of 63 and a?
9
Let j = 6 + 1. Suppose -o - j = -3*o - 3*w, 0 = 4*o - 3*w - 41. Let v be 7*o/14*3. Calculate the greatest common factor of 8 and v.
4
Suppose 3*o - 4*o - 2 = 0. Let c(a) = 50*a - 28. Let j(d) = 17*d - 9. Let f(i) = o*c(i) + 7*j(i). Let r be f(5). Calculate the highest common factor of r and 8.
8
Suppose l + 228 = 4*s, 64 - 356 = -5*s + 3*l. Suppose -3*a + 67 = -23. Let i be 12/9*a/5. Calculate the highest common factor of s and i.
8
Suppose -n - 3*n + 5*x = -68, -n - 2*x + 4 = 0. Let j = 4 + 2. Calculate the highest common divisor of j and n.
6
Let n = 9 + -9. Let l be (-13)/(-1) + n - 0. What is the highest common factor of l and 13?
13
Suppose -3*f - 34 = -10. Let n = -18 - 2. Let y = f - n. What is the highest common factor of 12 and y?
12
Let g = 5 + -5. Suppose 45 = 2*x + 2*y - 5*y, g = 5*y - 25. Suppose -5*m + 36 + 14 = 0. Calculate the highest common divisor of m and x.
10
Suppose 0 = -4*x - 5*o - 0*o - 5, -2*x = 5*o + 5. Let q be -1*(x/2 - 0). Suppose q = -3*h - 0*h + 21. Calculate the highest common factor of 56 and h.
7
Let h(l) = l**2 + 3*l - 9. Let k be h(-9). Let r = 6 - -2. Suppose -3*i - k = -r*i. Calculate the greatest common factor of 36 and i.
9
Suppose -5*n + 5 + 55 = 0. What is the highest common factor of 3 and n?
3
Let i be (-24)/48 + 130/4. Calculate the highest common factor of 8 and i.
8
Let p = 22 + 8. Suppose -5*o = -r + 11, -29 = r - 5*r + 5*o. Calculate the highest common factor of r and p.
6
Let p be (-30)/8*(-80)/(-6). Let v = -29 - p. Calculate the greatest common factor of v and 3.
3
Let m(l) = 0 + 2*l**2 + 1 + 3*l + 0*l**2. Let k be m(-5). Calculate the greatest common divisor of 9 and k.
9
Suppose -2*c = n - 70, 4*c + 48 = n - 4. Let i be (2/(-4))/((-2)/36). Let g = i + -1. Calculate the greatest common divisor of g and n.
8
Let r = -3 - -16. Suppose -130 = -0*v + 2*v. Let k be (v/4)/(2/(-8)). Calculate the highest common factor of k and r.
13
Let r = 1 + 2. Let n be (9/3)/(-3 + 4). Calculate the highest common divisor of n and r.
3
Let k = 32 - 21. What is the highest common factor of 33 and k?
11
Suppose -n = -38 - 4. Let z(i) = -5*i + 1. Let y be z(-1). What is the highest common factor of n and y?
6
Suppose 14*i = -3*z + 18*i + 147, 3*z + 4*i = 123. Let u = -9 + 14. What is the highest common divisor of u and z?
5
Let o be ((-11)/(-4))/(3/252). Let d = o - 80. Suppose 3*j = 212 + d. Calculate the highest common divisor of j and 11.
11
Let f = -28 + 11. Suppose 4*s - 128 = -4*v, 3*v + 54 + 42 = 3*s. Let l = s + f. What is the greatest common factor of 6 and l?
3
Let o be 8/(-10)*(-25)/10. Suppose -3*f + 210 = o*f. What is the greatest common factor of 105 and f?
21
Suppose 16 = -2*n - 2*q, 0*q = -2*n - 4*q - 16. Let h = n - -20. Suppose o - 6 = p, -o + 30 = 3*p + h. Calculate the highest common divisor of o and 45.
9
Let c(l) = l**2 - 5*l - 1. Let z be c(6). Suppose -z*d = 2*j - 3*d - 28, j - d - 16 = 0. Suppose j = 2*f - 15. What is the greatest common factor of 75 and f?
15
Suppose 4*d = 13 + 7. Let u(g) = g**2 - 2*g - 7. Let w be u(d). Suppose w = p + 3*n, -3*n + 7 = 2*p - 6*n. Calculate the greatest common divisor of 20 and p.
5
Let y = 281 + -186. Supp